{"id":7,"date":"2024-08-28T11:36:14","date_gmt":"2024-08-28T09:36:14","guid":{"rendered":"https:\/\/thesnackstop.de\/?page_id=7"},"modified":"2024-08-28T11:55:43","modified_gmt":"2024-08-28T09:55:43","slug":"feedback-stoerungsmeldung","status":"publish","type":"page","link":"https:\/\/thesnackstop.de\/index.php\/feedback-stoerungsmeldung\/","title":{"rendered":"Feedback &#038; St\u00f6rungsmeldung"},"content":{"rendered":"\t\t<div data-elementor-type=\"wp-post\" data-elementor-id=\"7\" class=\"elementor elementor-7\">\n\t\t\t\t<div class=\"elementor-element elementor-element-acff3a6 e-flex e-con-boxed e-con e-parent\" data-id=\"acff3a6\" data-element_type=\"container\">\n\t\t\t\t\t<div class=\"e-con-inner\">\n\t\t\t\t<div class=\"elementor-element elementor-element-d409ad3 elementor-widget elementor-widget-heading\" data-id=\"d409ad3\" data-element_type=\"widget\" data-widget_type=\"heading.default\">\n\t\t\t\t<div class=\"elementor-widget-container\">\n\t\t\t<h1 class=\"elementor-heading-title elementor-size-default\">Feedback &amp; St\u00f6rungsmeldung<\/h1>\t\t<\/div>\n\t\t\t\t<\/div>\n\t\t\t\t\t<\/div>\n\t\t\t\t<\/div>\n\t\t<div class=\"elementor-element elementor-element-77cb3c8 e-flex e-con-boxed e-con e-parent\" data-id=\"77cb3c8\" data-element_type=\"container\">\n\t\t\t\t\t<div class=\"e-con-inner\">\n\t\t\t\t<div class=\"elementor-element elementor-element-5054224 elementor-widget elementor-widget-shortcode\" data-id=\"5054224\" data-element_type=\"widget\" data-widget_type=\"shortcode.default\">\n\t\t\t\t<div class=\"elementor-widget-container\">\n\t\t\t\t\t<div class=\"elementor-shortcode\"><div class=\"forminator-ui forminator-custom-form forminator-custom-form-676 forminator-design--default  forminator_ajax\" data-forminator-render=\"0\" data-form=\"forminator-module-676\" data-uid=\"69d1f3d1b5890\"><br\/><\/div><form\n\t\t\t\tid=\"forminator-module-676\"\n\t\t\t\tclass=\"forminator-ui forminator-custom-form forminator-custom-form-676 forminator-design--default  forminator_ajax\"\n\t\t\t\tmethod=\"post\"\n\t\t\t\tdata-forminator-render=\"0\"\n\t\t\t\tdata-form-id=\"676\"\n\t\t\t\t\n\t\t\t\tdata-design=\"default\"\n\t\t\t\t\n\t\t\t\t\n\t\t\t\t\n\t\t\t\tdata-grid=\"open\"\n\t\t\t\t\n\t\t\t\t\n\t\t\t\tstyle=\"display: none;\"\n\t\t\t\t\n\t\t\t\tdata-uid=\"69d1f3d1b5890\"\n\t\t\t><div role=\"alert\" aria-live=\"polite\" class=\"forminator-response-message forminator-error\" aria-hidden=\"true\"><\/div><div class=\"forminator-row\"><div id=\"radio-1\" class=\"forminator-field-radio forminator-col forminator-col-12 \"><div role=\"radiogroup\" class=\"forminator-field\" aria-labelledby=\"forminator-radiogroup-69d1f3d1b5890-label\"><span id=\"forminator-radiogroup-69d1f3d1b5890-label\" class=\"forminator-label\">Anlass <span class=\"forminator-required\">*<\/span><\/span><label id=\"forminator-field-radio-1-label-1\" for=\"forminator-field-radio-1-1-69d1f3d1b5890\" class=\"forminator-radio\" title=\"Ich m\u00f6chte Feedback geben\"><input type=\"radio\" name=\"radio-1\" value=\"one\" id=\"forminator-field-radio-1-1-69d1f3d1b5890\" aria-labelledby=\"forminator-field-radio-1-label-1\" data-calculation=\"0\"   data-hidden-behavior=\"zero\"\/><span class=\"forminator-radio-bullet\" aria-hidden=\"true\"><\/span><span class=\"forminator-radio-label\">Ich m\u00f6chte Feedback geben<\/span><\/label><label id=\"forminator-field-radio-1-label-2\" for=\"forminator-field-radio-1-2-69d1f3d1b5890\" class=\"forminator-radio\" title=\"Ich m\u00f6chte eine St\u00f6rung melden\"><input type=\"radio\" name=\"radio-1\" value=\"two\" id=\"forminator-field-radio-1-2-69d1f3d1b5890\" aria-labelledby=\"forminator-field-radio-1-label-2\" data-calculation=\"0\"   data-hidden-behavior=\"zero\"\/><span class=\"forminator-radio-bullet\" aria-hidden=\"true\"><\/span><span class=\"forminator-radio-label\">Ich m\u00f6chte eine St\u00f6rung melden<\/span><\/label><\/div><\/div><\/div><div class=\"forminator-row\"><div id=\"checkbox-1\" class=\"forminator-field-checkbox forminator-col forminator-col-6 \"><div role=\"group\" class=\"forminator-field\" aria-labelledby=\"forminator-checkbox-group-69d1f3d1b5890-label\"><span id=\"forminator-checkbox-group-69d1f3d1b5890-label\" class=\"forminator-label\">Feedbackart<\/span><label id=\"forminator-field-checkbox-1-1-69d1f3d1b5890-label\" for=\"forminator-field-checkbox-1-1-69d1f3d1b5890\" class=\"forminator-checkbox\" title=\"Ich habe ein Produktwunsch\"><input type=\"checkbox\" name=\"checkbox-1[]\" value=\"one\" id=\"forminator-field-checkbox-1-1-69d1f3d1b5890\" aria-labelledby=\"forminator-field-checkbox-1-1-69d1f3d1b5890-label\" data-calculation=\"0\"   data-hidden-behavior=\"zero\"\/><span class=\"forminator-checkbox-box\" aria-hidden=\"true\"><\/span><span class=\"forminator-checkbox-label\">Ich habe ein Produktwunsch<\/span><\/label><label id=\"forminator-field-checkbox-1-2-69d1f3d1b5890-label\" for=\"forminator-field-checkbox-1-2-69d1f3d1b5890\" class=\"forminator-checkbox\" title=\"Ich m\u00f6chte etwas anderes mitteilen\"><input type=\"checkbox\" name=\"checkbox-1[]\" value=\"two\" id=\"forminator-field-checkbox-1-2-69d1f3d1b5890\" aria-labelledby=\"forminator-field-checkbox-1-2-69d1f3d1b5890-label\" data-calculation=\"0\"   data-hidden-behavior=\"zero\"\/><span class=\"forminator-checkbox-box\" aria-hidden=\"true\"><\/span><span class=\"forminator-checkbox-label\">Ich m\u00f6chte etwas anderes mitteilen<\/span><\/label><\/div><\/div><div id=\"text-3\" class=\"forminator-field-text forminator-col forminator-col-6 \"><div class=\"forminator-field\"><label for=\"forminator-field-text-3_69d1f3d1b5890\" id=\"forminator-field-text-3_69d1f3d1b5890-label\" class=\"forminator-label\">Produktwunsch <span class=\"forminator-required\">*<\/span><\/label><input type=\"text\" name=\"text-3\" value=\"\" placeholder=\"\" id=\"forminator-field-text-3_69d1f3d1b5890\" class=\"forminator-input forminator-name--field\" data-required=\"1\" maxlength=\"20\" \/><span id=\"forminator-field-text-3_69d1f3d1b5890-description\" class=\"forminator-description\"><span data-limit=\"20\" data-type=\"characters\">0 \/ 20<\/span><\/span><\/div><\/div><\/div><div class=\"forminator-row\"><div id=\"text-1\" class=\"forminator-field-text forminator-col forminator-col-6 \"><div class=\"forminator-field\"><label for=\"forminator-field-text-1_69d1f3d1b5890\" id=\"forminator-field-text-1_69d1f3d1b5890-label\" class=\"forminator-label\">Automaten-ID <span class=\"forminator-required\">*<\/span><\/label><input type=\"text\" name=\"text-1\" value=\"\" placeholder=\"\" id=\"forminator-field-text-1_69d1f3d1b5890\" class=\"forminator-input forminator-name--field\" data-required=\"1\" maxlength=\"10\" aria-describedby=\"forminator-field-text-1_69d1f3d1b5890-description\" \/><span id=\"forminator-field-text-1_69d1f3d1b5890-description\" class=\"forminator-description\">Bitte teile uns die Automaten-ID mit. Diese findest du immer unten Rechts am Automaten.<span data-limit=\"10\" data-type=\"characters\">0 \/ 10<\/span><\/span><\/div><\/div><div id=\"email-1\" class=\"forminator-field-email forminator-col forminator-col-6 \"><div class=\"forminator-field\"><label for=\"forminator-field-email-1_69d1f3d1b5890\" id=\"forminator-field-email-1_69d1f3d1b5890-label\" class=\"forminator-label\">E-Mail-Adresse <span class=\"forminator-required\">*<\/span><\/label><input type=\"email\" name=\"email-1\" value=\"\" placeholder=\"\" id=\"forminator-field-email-1_69d1f3d1b5890\" class=\"forminator-input forminator-email--field\" data-required=\"1\" aria-required=\"true\" aria-describedby=\"forminator-field-email-1_69d1f3d1b5890-description\" \/><span id=\"forminator-field-email-1_69d1f3d1b5890-description\" class=\"forminator-description\">Deine E-Mail Adresse ben\u00f6tigen wir f\u00fcr R\u00fcckfragen<\/span><\/div><\/div><\/div><div class=\"forminator-row\"><div id=\"select-1\" class=\"forminator-field-select forminator-col forminator-col-12 \"><div class=\"forminator-field\"><label for=\"forminator-form-676__field--select-1_69d1f3d1b5890\" id=\"forminator-form-676__field--select-1_69d1f3d1b5890-label\" class=\"forminator-label\">Was ist passiert?<\/label><select  id=\"forminator-form-676__field--select-1_69d1f3d1b5890\" class=\"forminator-select--field forminator-select2 forminator-select2-multiple\" data-required=\"\" name=\"select-1\" data-default-value=\"\" data-hidden-behavior=\"zero\" data-placeholder=\"\" data-search=\"false\" data-search-placeholder=\"\" data-checkbox=\"false\" data-allow-clear=\"false\" aria-labelledby=\"forminator-form-676__field--select-1_69d1f3d1b5890-label\"><option value=\"one\"  data-calculation=\"0\">Der Automat ist defekt<\/option><option value=\"two\"  data-calculation=\"0\">Ein Artikel fehlt<\/option><option value=\"Ich-habe-meinen-gekauften-Arikel-nicht-erhalten.\"  data-calculation=\"0\">Ich habe meinen gekauften Arikel nicht erhalten.<\/option><option value=\"Etwas-anderes\"  data-calculation=\"0\">Etwas anderes<\/option><\/select><\/div><\/div><\/div><div class=\"forminator-row\"><div id=\"text-2\" class=\"forminator-field-text forminator-col forminator-col-6 \"><div class=\"forminator-field\"><label for=\"forminator-field-text-2_69d1f3d1b5890\" id=\"forminator-field-text-2_69d1f3d1b5890-label\" class=\"forminator-label\">Um welchen Artikel handelt es sich?<\/label><input type=\"text\" name=\"text-2\" value=\"\" placeholder=\"z. B. Textplatzhalter\" id=\"forminator-field-text-2_69d1f3d1b5890\" class=\"forminator-input forminator-name--field\" data-required=\"\" maxlength=\"15\" \/><span id=\"forminator-field-text-2_69d1f3d1b5890-description\" class=\"forminator-description\"><span data-limit=\"15\" data-type=\"characters\">0 \/ 15<\/span><\/span><\/div><\/div><div id=\"phone-1\" class=\"forminator-field-phone forminator-col forminator-col-6 \"><div class=\"forminator-field\"><label for=\"forminator-field-phone-1_69d1f3d1b5890\" id=\"forminator-field-phone-1_69d1f3d1b5890-label\" class=\"forminator-label\">Telefon<\/label><input type=\"text\" name=\"phone-1\" value=\"\" placeholder=\"\" id=\"forminator-field-phone-1_69d1f3d1b5890\" class=\"forminator-input forminator-field--phone\" data-required=\"\" aria-required=\"false\" autocomplete=\"off\" data-national_mode=\"enabled\" data-country=\"de\" data-validation=\"standard\" aria-describedby=\"forminator-field-phone-1_69d1f3d1b5890-description\" \/><span id=\"forminator-field-phone-1_69d1f3d1b5890-description\" class=\"forminator-description\" id=\"forminator-field-phone-1_69d1f3d1b5890-description\">Freiwillig kannst du deine Telefonnummer angeben,  damit wir dich anrufen k\u00f6nnen.<\/span><\/div><\/div><\/div><div class=\"forminator-row\"><div id=\"date-1\" class=\"forminator-field-date forminator-col forminator-col-6 \"><label for=\"forminator-field-date-1\" id=\"forminator-field-date-1-label\" class=\"forminator-label\">Wann hast du den Automat genutzt? <span class=\"forminator-required\">*<\/span><\/label><div class=\"forminator-date-select\"><div class=\"forminator-row\" data-multiple=\"true\"><div id=\"date-1-day\" class=\"forminator-col\"><div class=\"forminator-field\"><label for=\"forminator-field-676__field--date-1-day_69d1f3d1b5890\" id=\"forminator-field-676__field--date-1-day_69d1f3d1b5890-label\" class=\"forminator-label\">Tag<\/label><select name=\"date-1-day\" id=\"forminator-field-676__field--date-1-day_69d1f3d1b5890\" class=\"forminator-select2\" data-format=\"dd.mm.yy\" data-parent=\"date-1\" aria-labelledby=\"forminator-field-676__field--date-1-day_69d1f3d1b5890-label\" data-default-value=\"5\"><option value=\"\" >Tag ausw\u00e4hlen<\/option><option value=\"1\" >1<\/option><option value=\"2\" >2<\/option><option value=\"3\" >3<\/option><option value=\"4\" >4<\/option><option value=\"5\" selected=\"selected\">5<\/option><option value=\"6\" >6<\/option><option value=\"7\" >7<\/option><option value=\"8\" >8<\/option><option value=\"9\" >9<\/option><option value=\"10\" >10<\/option><option value=\"11\" >11<\/option><option value=\"12\" >12<\/option><option value=\"13\" >13<\/option><option value=\"14\" >14<\/option><option value=\"15\" >15<\/option><option value=\"16\" >16<\/option><option value=\"17\" >17<\/option><option value=\"18\" >18<\/option><option value=\"19\" >19<\/option><option value=\"20\" >20<\/option><option value=\"21\" >21<\/option><option value=\"22\" >22<\/option><option value=\"23\" >23<\/option><option value=\"24\" >24<\/option><option value=\"25\" >25<\/option><option value=\"26\" >26<\/option><option value=\"27\" >27<\/option><option value=\"28\" >28<\/option><option value=\"29\" >29<\/option><option value=\"30\" >30<\/option><option value=\"31\" >31<\/option><\/select><\/div><\/div><div id=\"date-1-month\" class=\"forminator-col\"><div class=\"forminator-field\"><label for=\"forminator-field-676__field--date-1-month_69d1f3d1b5890\" id=\"forminator-field-676__field--date-1-month_69d1f3d1b5890-label\" class=\"forminator-label\">Monat<\/label><select name=\"date-1-month\" id=\"forminator-field-676__field--date-1-month_69d1f3d1b5890\" class=\"forminator-select2\" data-format=\"dd.mm.yy\" data-parent=\"date-1\" aria-labelledby=\"forminator-field-676__field--date-1-month_69d1f3d1b5890-label\" data-default-value=\"4\"><option value=\"\" >Monat ausw\u00e4hlen<\/option><option value=\"1\" >1<\/option><option value=\"2\" >2<\/option><option value=\"3\" >3<\/option><option value=\"4\" selected=\"selected\">4<\/option><option value=\"5\" >5<\/option><option value=\"6\" >6<\/option><option value=\"7\" >7<\/option><option value=\"8\" >8<\/option><option value=\"9\" >9<\/option><option value=\"10\" >10<\/option><option value=\"11\" >11<\/option><option value=\"12\" >12<\/option><\/select><\/div><\/div><div id=\"date-1-year\" class=\"forminator-col\"><div class=\"forminator-field\"><label for=\"forminator-field-676__field--date-1-year_69d1f3d1b5890\" id=\"forminator-field-676__field--date-1-year_69d1f3d1b5890-label\" class=\"forminator-label\">Jahr<\/label><select name=\"date-1-year\" id=\"forminator-field-676__field--date-1-year_69d1f3d1b5890\" class=\"forminator-select2\" data-format=\"dd.mm.yy\" data-parent=\"date-1\" aria-labelledby=\"forminator-field-676__field--date-1-year_69d1f3d1b5890-label\" data-default-value=\"2026\"><option value=\"\" >Jahr ausw\u00e4hlen<\/option><option value=\"2060\" >2060<\/option><option value=\"2059\" >2059<\/option><option value=\"2058\" >2058<\/option><option value=\"2057\" >2057<\/option><option value=\"2056\" >2056<\/option><option value=\"2055\" >2055<\/option><option value=\"2054\" >2054<\/option><option value=\"2053\" >2053<\/option><option value=\"2052\" >2052<\/option><option value=\"2051\" >2051<\/option><option value=\"2050\" >2050<\/option><option value=\"2049\" >2049<\/option><option value=\"2048\" >2048<\/option><option value=\"2047\" >2047<\/option><option value=\"2046\" >2046<\/option><option value=\"2045\" >2045<\/option><option value=\"2044\" >2044<\/option><option value=\"2043\" >2043<\/option><option value=\"2042\" >2042<\/option><option value=\"2041\" >2041<\/option><option value=\"2040\" >2040<\/option><option value=\"2039\" >2039<\/option><option value=\"2038\" >2038<\/option><option value=\"2037\" >2037<\/option><option value=\"2036\" >2036<\/option><option value=\"2035\" >2035<\/option><option value=\"2034\" >2034<\/option><option value=\"2033\" >2033<\/option><option value=\"2032\" >2032<\/option><option value=\"2031\" >2031<\/option><option value=\"2030\" >2030<\/option><option value=\"2029\" >2029<\/option><option value=\"2028\" >2028<\/option><option value=\"2027\" >2027<\/option><option value=\"2026\" selected=\"selected\">2026<\/option><option value=\"2025\" >2025<\/option><option value=\"2024\" >2024<\/option><\/select><\/div><\/div><\/div><\/div><\/div><div id=\"time-1\" class=\"forminator-field-time forminator-col forminator-col-6 \"><label for=\"forminator-field-time-1\" id=\"forminator-field-time-1-label\" class=\"forminator-label\">Uhrzeit<\/label><div class=\"forminator-timepicker\" ><div class=\"forminator-row\" data-multiple=\"true\"><div id=\"time-1-hours\" class=\"forminator-col forminator-col-6\"><div class=\"forminator-field\"><label for=\"forminator-field-time-1-hours_69d1f3d1b5890\" id=\"forminator-field-time-1-hours_69d1f3d1b5890-label\" class=\"forminator-label\">Stunden<\/label><input type=\"number\" name=\"time-1-hours\" min=\"0\" max=\"23\" placeholder=\"z.\u00a0B. 08\" id=\"forminator-field-time-1-hours_69d1f3d1b5890\" class=\"forminator-input time-hours \" data-field=\"hours\" aria-describedby=\"forminator-field-time-1_69d1f3d1b5890-description\" value=\"\" \/><\/div><\/div><div id=\"time-1-minutes\" class=\"forminator-col forminator-col-6\"><div class=\"forminator-field\"><label for=\"forminator-field-time-1-minutes_69d1f3d1b5890\" id=\"forminator-field-time-1-minutes_69d1f3d1b5890-label\" class=\"forminator-label\">Minuten<\/label><input type=\"number\" min=\"0\" max=\"59\" name=\"time-1-minutes\" placeholder=\"z. B. 00\" id=\"forminator-field-time-1-minutes_69d1f3d1b5890\" class=\"forminator-input time-minutes \" data-field=\"minutes\" aria-describedby=\"forminator-field-time-1_69d1f3d1b5890-description\" value=\"\" \/><\/div><\/div><\/div><\/div><span id=\"forminator-field-time-1_69d1f3d1b5890-description\" class=\"forminator-description\">Bitte gebe die Uhrzeit m\u00f6glichst korrekt an, damit wir die richtige Buchung finden k\u00f6nnen.<\/span><\/div><\/div><div class=\"forminator-row\"><div id=\"textarea-1\" class=\"forminator-field-textarea forminator-col forminator-col-12 \"><div class=\"forminator-field\"><label for=\"forminator-field-textarea-1_69d1f3d1b5890\" id=\"forminator-field-textarea-1_69d1f3d1b5890-label\" class=\"forminator-label\">weitere Hinweise<\/label><textarea name=\"textarea-1\" placeholder=\"Du kannst weitere Infos angeben.\" id=\"forminator-field-textarea-1_69d1f3d1b5890\" class=\"forminator-textarea\" rows=\"6\" style=\"min-height:140px;\" ><\/textarea><span id=\"forminator-field-textarea-1_69d1f3d1b5890-description\" class=\"forminator-description\"><span data-limit=\"100\" data-type=\"words\" data-editor=\"\">0 \/ 100<\/span><\/span><\/div><\/div><\/div><div class=\"forminator-row\"><div id=\"textarea-2\" class=\"forminator-field-textarea forminator-col forminator-col-12 \"><div class=\"forminator-field\"><label for=\"forminator-field-textarea-2_69d1f3d1b5890\" id=\"forminator-field-textarea-2_69d1f3d1b5890-label\" class=\"forminator-label\">Dein Feedback<\/label><textarea name=\"textarea-2\" placeholder=\"\" id=\"forminator-field-textarea-2_69d1f3d1b5890\" class=\"forminator-textarea\" rows=\"6\" style=\"min-height:180px;\" ><\/textarea><\/div><\/div><\/div><div class=\"forminator-row\"><div id=\"consent-1\" class=\"forminator-field-consent forminator-col forminator-col-12 \"><div class=\"forminator-field\"><label for=\"forminator-field-consent-1_69d1f3d1b5890\" id=\"forminator-field-consent-1_69d1f3d1b5890-label\" class=\"forminator-label\">Datenschutz <span class=\"forminator-required\">*<\/span><\/label><div class=\"forminator-checkbox__wrapper\"><label for=\"forminator-field-consent-1_69d1f3d1b5890\" id=\"forminator-field-consent-1_69d1f3d1b5890__label\" class=\"forminator-checkbox forminator-consent\" style=\"margin: 0;\"><input type=\"checkbox\" name=\"consent-1\" id=\"forminator-field-consent-1_69d1f3d1b5890\" value=\"checked\" aria-labelledby=\"forminator-field-consent-1_69d1f3d1b5890-label\" aria-describedby=\"forminator-field-consent-1_69d1f3d1b5890__description\" data-required=\"true\" aria-required=\"true\" \/><span class=\"forminator-checkbox-box\" aria-hidden=\"true\"><\/span><\/label><div id=\"forminator-field-consent-1_69d1f3d1b5890__description\" class=\"forminator-checkbox__label forminator-consent__label\"><p>Ich akzeptiere die Datenschutzbestimmungen.<\/p><\/div><\/div><\/div><\/div><\/div><div class=\"forminator-row\"><div id=\"captcha-1\" class=\"forminator-field-captcha forminator-col forminator-col-12 \"><div class=\"forminator-captcha-left forminator-g-recaptcha recaptcha-invisible\" data-theme=\"light\" data-badge=\"inline\" data-sitekey=\"6LcfAzEqAAAAAP1R07bVMcrIjpa6vjpu7Zs1is4y\" data-size=\"invisible\"><\/div> <\/div><\/div><input type=\"hidden\" name=\"referer_url\" value=\"\" \/><div class=\"forminator-row forminator-row-last\"><div class=\"forminator-col\"><div class=\"forminator-field\"><button class=\"forminator-button forminator-button-submit\">Nachricht senden<\/button><\/div><\/div><\/div><input type=\"hidden\" id=\"forminator_nonce\" name=\"forminator_nonce\" value=\"021845b6b5\" \/><input type=\"hidden\" name=\"_wp_http_referer\" value=\"\/index.php\/wp-json\/wp\/v2\/pages\/7\" \/><input type=\"hidden\" name=\"form_id\" value=\"676\"><input type=\"hidden\" name=\"page_id\" value=\"7\"><input type=\"hidden\" name=\"form_type\" value=\"default\"><input type=\"hidden\" name=\"current_url\" value=\"https:\/\/thesnackstop.de\/index.php\/feedback-stoerungsmeldung\/\"><input type=\"hidden\" name=\"render_id\" value=\"0\"><input type=\"hidden\" name=\"action\" value=\"forminator_submit_form_custom-forms\"><\/form><\/div>\n\t\t\t\t<\/div>\n\t\t\t\t<\/div>\n\t\t\t\t\t<\/div>\n\t\t\t\t<\/div>\n\t\t\t\t<\/div>\n\t\t","protected":false},"excerpt":{"rendered":"<p>Feedback &#038; St\u00f6rungsmeldung<\/p>\n","protected":false},"author":1,"featured_media":0,"parent":0,"menu_order":0,"comment_status":"closed","ping_status":"closed","template":"","meta":{"postBodyMargin":[],"postBodyPadding":[],"postBodyBackground":{"backgroundType":"classic","gradient":""},"footnotes":""},"class_list":["post-7","page","type-page","status-publish","hentry"],"_links":{"self":[{"href":"https:\/\/thesnackstop.de\/index.php\/wp-json\/wp\/v2\/pages\/7","targetHints":{"allow":["GET"]}}],"collection":[{"href":"https:\/\/thesnackstop.de\/index.php\/wp-json\/wp\/v2\/pages"}],"about":[{"href":"https:\/\/thesnackstop.de\/index.php\/wp-json\/wp\/v2\/types\/page"}],"author":[{"embeddable":true,"href":"https:\/\/thesnackstop.de\/index.php\/wp-json\/wp\/v2\/users\/1"}],"replies":[{"embeddable":true,"href":"https:\/\/thesnackstop.de\/index.php\/wp-json\/wp\/v2\/comments?post=7"}],"version-history":[{"count":10,"href":"https:\/\/thesnackstop.de\/index.php\/wp-json\/wp\/v2\/pages\/7\/revisions"}],"predecessor-version":[{"id":679,"href":"https:\/\/thesnackstop.de\/index.php\/wp-json\/wp\/v2\/pages\/7\/revisions\/679"}],"wp:attachment":[{"href":"https:\/\/thesnackstop.de\/index.php\/wp-json\/wp\/v2\/media?parent=7"}],"curies":[{"name":"wp","href":"https:\/\/api.w.org\/{rel}","templated":true}]}}